{"id":101,"date":"2017-01-03T11:16:49","date_gmt":"2017-01-03T10:16:49","guid":{"rendered":"http:\/\/gtff.duncastudio.se\/?page_id=101"},"modified":"2024-12-12T18:44:35","modified_gmt":"2024-12-12T17:44:35","slug":"omradeorientering","status":"publish","type":"page","link":"http:\/\/gtff.se\/index.php\/om-gtff\/omradeorientering\/","title":{"rendered":"Omr\u00e5desorientering"},"content":{"rendered":"<p>V\u00e4lkomna!<\/p>\n<p>H\u00e4r finns ett &#8221;<a href=\"http:\/\/gtff.se\/wp-content\/uploads\/2020\/05\/Valkomstbrev.pdf\">\u00a0V\u00e4lkomstbrev\u00a0<\/a>&#8221; med lite av varje som kan vara intressant att l\u00e4sa om.<\/p>\n<p><strong>Bastu<br \/>\n<\/strong>Bastun vid V\u00e4sterudd drivs av bastuf\u00f6reningen. \u00a0Ni kan bes\u00f6ka Bastuf\u00f6reningens <a href=\"http:\/\/gtff.se\/index.php\/vasterudd-bastu\/\">hemsida<\/a>.<\/p>\n<p><strong>Frivilligt arbete<br \/>\n<\/strong>Varje \u00e5r har vi medlemmar chans att bidra med frivilligt arbete i f\u00f6reningen. I f\u00f6rsta hand sker det p\u00e5 v\u00e5r gemensamma h\u00f6stst\u00e4dning. Man kan ocks\u00e5 komma \u00f6verens med sin <a href=\"http:\/\/gtff.se\/index.php\/om-gtff\/kvartersmastare\/\">kvarterm\u00e4stare<\/a> om annat arbete som beh\u00f6ver g\u00f6ras inom kvarteret t.ex. om man inte har m\u00f6jlighet att vara med d\u00e5 vi h\u00f6stst\u00e4dar .<\/p>\n<p><strong>Hundar<br \/>\n<\/strong>P\u00e5 Naturv\u00e5rdsverkets hemsida finns f\u00f6ljande att l\u00e4sa:<\/p>\n<p><strong>&#8221;Under tiden 1 mars till 20 augusti m\u00e5ste du h\u00e5lla din hund under extra stor uppsikt n\u00e4r ni \u00e4r ute i naturen. Detta framg\u00e5r av paragraf 16 i lagen (2007:1150) om tillsyn \u00f6ver hundar och katter. D\u00e4r st\u00e5r att hundar ska hindras fr\u00e5n att springa l\u00f6sa i marker d\u00e4r det finns vilt.&#8221;<\/strong><\/p>\n<p>Naturv\u00e5rdsverkets tolkning av lagen \u00e4r att om en hund ska hindras fr\u00e5n att springa l\u00f6s m\u00e5ste den i de allra flesta fall h\u00e5llas i koppel. Det \u00e4r bara extremt v\u00e4ldresserade hundar som kan f\u00e5 g\u00e5 l\u00f6sa under tiden 1 mars till 20 augusti. I praktiken f\u00e5r hunden, om den \u00e4r l\u00f6s, vara h\u00f6gst n\u00e5gon meter ifr\u00e5n dig. Du beh\u00f6ver ha s\u00e5dan kontroll \u00f6ver din hund att det motsvarar ett osynligt koppel. Ordet \u201dkopplingstv\u00e5ng\u201d eller \u201dkoppeltv\u00e5ng\u201d finns d\u00e4remot inte i lagstiftningen, f\u00f6rutom i renn\u00e4ringslagen som i vissa fall kr\u00e4ver att hundar h\u00e5lls i band eller inst\u00e4ngda.<\/p>\n<p>Lagens syfte \u00e4r att skydda de vilda djuren, b\u00e5de d\u00e4ggdjur och f\u00e5glar, under den mest k\u00e4nsliga tiden n\u00e4r djuren f\u00e5r sina ungar. De marker som lagen syftar p\u00e5 \u00e4r praktiskt taget all naturmark, \u00e4ven st\u00f6rre parker och liknande.<\/p>\n<p><strong>Tennisbanan<br \/>\n<\/strong>P\u00e5 Guldboda finns det en tennisbana vid \u00e4ngen i s\u00f6dra delen av omr\u00e5det.\u00a0Gullboda Tennisklubb GTK sk\u00f6ter om tennisbanan och anordnar turneringar. B\u00e5de medlemmar i GTK och ickemedlemmar kan spela p\u00e5 tennisbanan.<\/p>\n<p>Vecka 31 (startar i slutet p\u00e5 v30) anordnar GTK den \u00e5rliga tennisturneringen som \u00e4r mycket uppskattad bland deltagare och publik. Se mer om GTK:s verksamhet p\u00e5 deras\u00a0<a href=\"https:\/\/www.gullbodatennis.se\/#:~:text=GTK%2C%20Gullboda%20Tennisklubb%2C%20%C3%A4r%20s%C3%B6dra,juni%20och%20september%20varje%20%C3%A5r.\">hemsida<\/a>.<\/p>\n<p><strong>Vett och Etikett<br \/>\n<\/strong>Inom omr\u00e5det b\u00f6r vi leva efter \u201dbehandla andra s\u00e5 som du sj\u00e4lv vill bli behandlad\u201d<\/p>\n<ul>\n<li>F\u00f6r st\u00f6rsta m\u00f6jliga trivsel f\u00f6r alla inom omr\u00e5det kommer h\u00e4r n\u00e5gra tips:<\/li>\n<li>\u2666 Ta upp skr\u00e4p efter dig (det finns papperskorgar inom omr\u00e5det)<\/li>\n<li>\u2666 Parkera inte i v\u00e4gen f\u00f6r n\u00e5gon<\/li>\n<li>\u2666 Ge g\u00e4rna ett v\u00e4nligt hej n\u00e4r vi m\u00f6ts i omr\u00e5det<\/li>\n<li>\u2666 Ingen busk\u00f6rning med bilar\/ATV\/b\u00e5tar\/ vattenskoter i omr\u00e5det<\/li>\n<li>\u2666 Se till att ta bort skr\u00e4p p\u00e5 din tomt som kan st\u00f6ra grannar<\/li>\n<li>\u2666 Framf\u00f6r kritik till andra p\u00e5 ett konstruktivt och v\u00e4nligt s\u00e4tt<\/li>\n<li>\u2666 Ta h\u00e4nsyn till f\u00e5glar och andra djur inom omr\u00e5det<\/li>\n<li>\u2666 Vid skador p\u00e5 natur och djur, informera GTFF styrelse<\/li>\n<li>\u2666 Skadeg\u00f6relse h\u00f6r naturligtvis inte hemma i Guldboda<\/li>\n<\/ul>\n","protected":false},"excerpt":{"rendered":"<p>V\u00e4lkomna! H\u00e4r finns ett &#8221;\u00a0V\u00e4lkomstbrev\u00a0&#8221; med lite av varje som kan vara intressant att l\u00e4sa om. Bastu Bastun vid V\u00e4sterudd drivs av bastuf\u00f6reningen. \u00a0Ni kan bes\u00f6ka Bastuf\u00f6reningens hemsida. Frivilligt arbete Varje \u00e5r har vi medlemmar chans att bidra med frivilligt arbete i f\u00f6reningen. I f\u00f6rsta hand sker det p\u00e5 v\u00e5r gemensamma h\u00f6stst\u00e4dning. Man kan ocks\u00e5&#8230;  <a class=\"excerpt-read-more\" href=\"http:\/\/gtff.se\/index.php\/om-gtff\/omradeorientering\/\" title=\"Read Omr\u00e5desorientering\">L\u00e4s mera &raquo;<\/a><\/p>\n","protected":false},"author":1,"featured_media":0,"parent":17,"menu_order":0,"comment_status":"closed","ping_status":"closed","template":"","meta":[],"_links":{"self":[{"href":"http:\/\/gtff.se\/index.php\/wp-json\/wp\/v2\/pages\/101"}],"collection":[{"href":"http:\/\/gtff.se\/index.php\/wp-json\/wp\/v2\/pages"}],"about":[{"href":"http:\/\/gtff.se\/index.php\/wp-json\/wp\/v2\/types\/page"}],"author":[{"embeddable":true,"href":"http:\/\/gtff.se\/index.php\/wp-json\/wp\/v2\/users\/1"}],"replies":[{"embeddable":true,"href":"http:\/\/gtff.se\/index.php\/wp-json\/wp\/v2\/comments?post=101"}],"version-history":[{"count":43,"href":"http:\/\/gtff.se\/index.php\/wp-json\/wp\/v2\/pages\/101\/revisions"}],"predecessor-version":[{"id":2922,"href":"http:\/\/gtff.se\/index.php\/wp-json\/wp\/v2\/pages\/101\/revisions\/2922"}],"up":[{"embeddable":true,"href":"http:\/\/gtff.se\/index.php\/wp-json\/wp\/v2\/pages\/17"}],"wp:attachment":[{"href":"http:\/\/gtff.se\/index.php\/wp-json\/wp\/v2\/media?parent=101"}],"curies":[{"name":"wp","href":"https:\/\/api.w.org\/{rel}","templated":true}]}}