{"id":1585,"date":"2018-12-29T18:31:38","date_gmt":"2018-12-29T17:31:38","guid":{"rendered":"http:\/\/gtff.se\/?page_id=1585"},"modified":"2020-05-06T22:29:12","modified_gmt":"2020-05-06T20:29:12","slug":"bilder","status":"publish","type":"page","link":"http:\/\/gtff.se\/index.php\/vasterudd-bastu\/bilder\/","title":{"rendered":"Bilder"},"content":{"rendered":"<p>H\u00e4r \u00e4r n\u00e5gra bilder p\u00e5 bastun!<\/p>\n<p><a href=\"http:\/\/gtff.se\/wp-content\/uploads\/2020\/05\/Bastu_Utsidan.jpg\">Utsidan<\/a><\/p>\n<p><a href=\"http:\/\/gtff.se\/wp-content\/uploads\/2020\/05\/Bastu_Insidan.jpg\">Insidan<\/a><\/p>\n<p><a href=\"http:\/\/gtff.se\/wp-content\/uploads\/2017\/03\/200610-61.jpg\">Vinterbild<\/a><\/p>\n<p><a href=\"http:\/\/gtff.se\/wp-content\/uploads\/2019\/06\/bastusten.jpg\">Grundl\u00e4ggning<\/a><\/p>\n","protected":false},"excerpt":{"rendered":"<p>H\u00e4r \u00e4r n\u00e5gra bilder p\u00e5 bastun! Utsidan Insidan Vinterbild Grundl\u00e4ggning<\/p>\n","protected":false},"author":3,"featured_media":0,"parent":1569,"menu_order":0,"comment_status":"closed","ping_status":"closed","template":"","meta":[],"_links":{"self":[{"href":"http:\/\/gtff.se\/index.php\/wp-json\/wp\/v2\/pages\/1585"}],"collection":[{"href":"http:\/\/gtff.se\/index.php\/wp-json\/wp\/v2\/pages"}],"about":[{"href":"http:\/\/gtff.se\/index.php\/wp-json\/wp\/v2\/types\/page"}],"author":[{"embeddable":true,"href":"http:\/\/gtff.se\/index.php\/wp-json\/wp\/v2\/users\/3"}],"replies":[{"embeddable":true,"href":"http:\/\/gtff.se\/index.php\/wp-json\/wp\/v2\/comments?post=1585"}],"version-history":[{"count":6,"href":"http:\/\/gtff.se\/index.php\/wp-json\/wp\/v2\/pages\/1585\/revisions"}],"predecessor-version":[{"id":2285,"href":"http:\/\/gtff.se\/index.php\/wp-json\/wp\/v2\/pages\/1585\/revisions\/2285"}],"up":[{"embeddable":true,"href":"http:\/\/gtff.se\/index.php\/wp-json\/wp\/v2\/pages\/1569"}],"wp:attachment":[{"href":"http:\/\/gtff.se\/index.php\/wp-json\/wp\/v2\/media?parent=1585"}],"curies":[{"name":"wp","href":"https:\/\/api.w.org\/{rel}","templated":true}]}}