{"id":192,"date":"2017-01-04T13:18:32","date_gmt":"2017-01-04T12:18:32","guid":{"rendered":"http:\/\/gtff.duncastudio.se\/?page_id=192"},"modified":"2025-05-25T21:28:45","modified_gmt":"2025-05-25T19:28:45","slug":"ordningsforeskrifter","status":"publish","type":"page","link":"http:\/\/gtff.se\/index.php\/om-gtff\/ordningsforeskrifter\/","title":{"rendered":"Ordningsf\u00f6reskrifter"},"content":{"rendered":"<p>GTFF:s ordningsf\u00f6reskrifter &#8211; fastst\u00e4llda av st\u00e4mman den 8 mars 2017<\/p>\n<p><em>Dessa regler \u00e4r framtagna, och beslutade vid f\u00f6reningsst\u00e4mma, f\u00f6r att skapa trivsel och<br \/>\nsamf\u00f6rst\u00e5nd mellan medlemmarna i GTFF. Prata med<br \/>\ngrannarna\/kvarterm\u00e4starna\/styrelsen innan du g\u00f6r n\u00e5got som du \u00e4r os\u00e4ker p\u00e5 om det \u00e4r till\u00e5tet eller inte. Om alla GTFFare visar h\u00e4nsyn mot varandra och anv\u00e4nder sunt f\u00f6rnuft s\u00e5 f\u00e5r vi alla en trevlig vistelse p\u00e5 Gullboda!<\/em><br \/>\n<em> \/\/Styrelsen f\u00f6r GTFF<\/em><\/p>\n<p><strong>Annonsering<\/strong><br \/>\nAnnonsering f\u00e5r endast ske p\u00e5 officiella anslagstavlor.<\/p>\n<p><strong>Bad<\/strong><br \/>\nNyttjande av badstr\u00e4nder eller badklippor sker under eget ansvar. Tag h\u00e4nsyn till \u00f6vriga badande och omgivning. Uddsj\u00f6n har badf\u00f6rbud eftersom det \u00e4r v\u00e5r vattent\u00e4kt. Ang\u00f6ring med b\u00e5t p\u00e5 badplatserna skall ske restriktivt med tanke p\u00e5 risker f\u00f6r badande.<\/p>\n<h4>Bilar<\/h4>\n<p>L\u00e5ngtidsuppst\u00e4llning av bilar p\u00e5 f\u00f6reningens omr\u00e5de \u00e4r inte till\u00e5tet.<br \/>\nUnder GTK:s klubbm\u00e4sterskap (fredag v.30 \u2013t.o.m. .s\u00f6ndag v. 31) g\u00e4ller f\u00f6rbud mot fordonstrafik ner till tennisbanan, f\u00f6rutom f\u00f6r de 2 medlemmar som bor \u201dinnanf\u00f6r\u201d tennisbanan.<\/p>\n<h4>B\u00e5th\u00e5llning och bryggor<\/h4>\n<p>St\u00f6rre b\u00e5tar f\u00e5r inte vinterf\u00f6rvaras p\u00e5 f\u00f6reningens omr\u00e5de utan s\u00e4rskilt tillst\u00e5nd. Mindre b\u00e5tar f\u00e5r vinterf\u00f6rvaras p\u00e5 l\u00e4mpliga st\u00e4llen inom omr\u00e5det enligt anvisningar av kvarterm\u00e4staren. B\u00e5tuppl\u00e4ggningsplatser p\u00e5 allm\u00e4n mark skall h\u00e5llas rena fr\u00e5n pallningsvirke och motsvarande. Kvarterm\u00e4stare i samverkan med n\u00e4rboende anvisar plats om materielen inte kan f\u00f6rvaras p\u00e5 egen tomt. Kvarliggande, ej sj\u00f6satta b\u00e5tar f\u00e5r inte vara st\u00f6rande f\u00f6r omgivningen. Sj\u00f6odugliga b\u00e5tar skall borttransporteras genom \u00e4garens f\u00f6rsorg. Styrelsen kan f\u00f6resl\u00e5 kontrollavgift om s\u00e5 inte sker.<\/p>\n<p>B\u00e5tar f\u00e5r inte ligga upplagda p\u00e5 badstr\u00e4nder under tiden 15\/6 \u2013 1\/9. Under \u00f6vrig tid f\u00e5r bara b\u00e5tar som inte kr\u00e4ver v\u00e5rrustning (exv. slipning och m\u00e5lning) ligga d\u00e4r. Alla upplagda b\u00e5tar ska vara m\u00e4rkta med \u00e4garens namn och tomtnummer. Alla b\u00e5tar som f\u00f6rt\u00f6js vid f\u00f6reningens bryggor ska vara ansvarsf\u00f6rs\u00e4krade. Alla bryggor, p\u00e5 f\u00f6reningens mark, ska vara uppm\u00e4rkta med \u00e4gare\/brukare!<\/p>\n<h4>Eldning<\/h4>\n<p>\u00d6ppen eld f\u00f6r grillning inom f\u00f6reningens allm\u00e4nningar f\u00e5r inte ske p\u00e5 andra platser \u00e4n de som f\u00f6reningen anvisat eller anlagt. Vid eldning av ris m.m. p\u00e5 allm\u00e4nningar eller enskild tomtmark g\u00f6rs alltid anm\u00e4lan till S\u00f6dert\u00f6rns Brandf\u00f6rsvarsf\u00f6rbund 721 22 00.<\/p>\n<h4>Enskilda avlopp<\/h4>\n<p>Brunnar och infiltrationsb\u00e4ddar som anl\u00e4ggs p\u00e5, eller p\u00e5verkar GTFF:s mark, m\u00e5ste i f\u00f6rv\u00e4g godk\u00e4nnas av GTFF:s styrelse. En del tomter har f\u00e5tt f\u00f6reningens skriftliga tillst\u00e5nd att anl\u00e4gga del av sin avloppsanl\u00e4ggning p\u00e5 f\u00f6reningens mark. Dessa anl\u00e4ggningar \u00e4r f\u00f6rknippade med villkor, bl.a. st\u00e5r medlemmen f\u00f6r allt underh\u00e5ll och \u00e4r ensam skyldig att bekosta och ombes\u00f6rja flytt av sin anl\u00e4ggning i de fall f\u00f6reningen beh\u00f6ver anv\u00e4nda marken f\u00f6r andra \u00e4ndam\u00e5l. S\u00e4ljs tomten f\u00f6ljer r\u00e4tten att ha anl\u00e4ggningen enligt avtalet med till n\u00e4sta medlem, men ocks\u00e5 de skyldigheter som st\u00e5r angivna i avtalet.<\/p>\n<h4><\/h4>\n<h4>Fiske<\/h4>\n<p>F\u00f6r fiskets bedrivande p\u00e5 f\u00f6reningens omr\u00e5de g\u00e4ller allm\u00e4nna lagar och kung\u00f6relser. Ut\u00f6ver dessa g\u00e4ller f\u00f6r GTFF till\u00e4ggsf\u00f6reskrifter enligt nedan: Make\/maka, f\u00f6r\u00e4ldrar och barn till medlem f\u00e5r fiska med iakttagande av inskr\u00e4nkningar och skyldigheter, som g\u00e4ller f\u00f6r medlemmar. Detta g\u00e4ller \u00e4ven g\u00e4ster till medlem i n\u00e4rvaro av denne eller n\u00e5gon av dennes angivna anh\u00f6riga. Alla utlagda redskap skall vara tydligt m\u00e4rkta med \u00e4garens tomtnummer. Om\u00e4rkta redskap skall omedelbart rapporteras till fisketillsynsman f\u00f6r omh\u00e4ndertagande.<\/p>\n<p>Ut\u00f6ver vad som stadgas i lag och allm\u00e4nna kung\u00f6relser \u00e4r det f\u00f6rbjudet:<\/p>\n<p>a) att fiska med ryssja, st\u00e5ndkrok, sax, flytande l\u00e5ngrev, mj\u00e4rdar, n\u00e4t, med undantag av m\u00f6rt- och l\u00f6jn\u00e4t samt m\u00f6rtstugor vintertid. Fiske med n\u00e4t \u00e4r dock till\u00e5tet inom det vattenomr\u00e5de som framg\u00e5r av s\u00e4rskild fiskekarta.<\/p>\n<p>b) att fiska i Uddsj\u00f6n.<\/p>\n<p>c) att i Guldbodasj\u00f6n fiska med n\u00e4t, ryssja, kasse eller liknande redskap.<\/p>\n<p>d) att f\u00e5nga mer fisk \u00e4n vad som anv\u00e4nds i eget hush\u00e5ll.<\/p>\n<p>e) att s\u00e4lja f\u00e5ngad fisk.<\/p>\n<p>Vid \u00f6vertr\u00e4delse av best\u00e4mmelserna i denna paragraf skall ut\u00f6ver vad som beivras enligt lag den felande f\u00f6rsta g\u00e5ngen av styrelsen tilldelas varning. Vid upprepad f\u00f6rseelse f\u00f6rverkas redskapen och f\u00e5r styrelsen utta kontrollavgift. Uppst\u00e5r meningsskiljaktigheter mellan enskilda medlemmar eller grupper av medlemmar ang\u00e5ende fiskets ut\u00f6vande, skall de tvistande i och f\u00f6r medling h\u00e4nskjuta saken till styrelsen. Kan inte f\u00f6rlikning uppn\u00e5s p\u00e5 detta s\u00e4tt skall saken upptas p\u00e5 n\u00e4stkommande f\u00f6reningsst\u00e4mma, vars beslut de tvistande vid \u00e4ventyr av f\u00f6rlust av fisker\u00e4tten \u00e4r skyldiga att r\u00e4tta sig efter.<\/p>\n<h4><\/h4>\n<h4>Medlemsansvar<\/h4>\n<p>Allemansr\u00e4tten g\u00e4ller inom f\u00f6reningens gemensamma omr\u00e5den. Observera att allemansr\u00e4tten \u00e4ven inneb\u00e4r skyldigheter. Som del\u00e4gare i f\u00f6reningens gemensamma omr\u00e5den \u00e4r varje medlem ansvarig f\u00f6r att dessa omr\u00e5den underh\u00e5lls och utvecklas p\u00e5 ett f\u00f6r f\u00f6reningen n\u00f6jaktigt s\u00e4tt.<\/p>\n<p>Varje medlem ansvarar f\u00f6r underh\u00e5ll av allm\u00e4nt omr\u00e5de i direkt anslutning till egen tomt och v\u00e4g. Skogsv\u00e5rd Varje kvarter organiserar s\u00e5 l\u00e5ngt m\u00f6jligt omh\u00e4ndertagande av stormf\u00e4llda tr\u00e4d och grenar och \u00e5terst\u00e4llning av kvarterets gemensamma omr\u00e5de. F\u00e4llning av enstaka tr\u00e4d inom f\u00f6reningens allm\u00e4nningar f\u00e5r endast ske efter samr\u00e5d med kvarterm\u00e4staren och n\u00e4rboende, om samf\u00f6rst\u00e5nd inte kan n\u00e5s f\u00f6rs fr\u00e5gan till styrelsen f\u00f6r beslut.<\/p>\n<h4>Vattendistribution<\/h4>\n<p>F\u00f6reningens sommarvattenanl\u00e4ggning f\u00e5r f\u00f6r bevattning av rabatter och gr\u00f6nytor endast anv\u00e4ndas mellan kl. 20:00 och 08:00. Bevattning ska ske restriktivt. Tr\u00e4dg\u00e5rdspooler (motsv.) kan, under vissa f\u00f6ruts\u00e4ttningar, f\u00e5 fyllas eller kompletteras med f\u00f6reningens sommarvatten efter godk\u00e4nnande av vattenm\u00e4nnen. Godk\u00e4nnande m\u00e5ste inh\u00e4mtas inf\u00f6r varje p\u00e5fyllningstillf\u00e4lle s\u00e5 att vattenm\u00e4nnen kan bed\u00f6ma vattentillg\u00e5ngen.<\/p>\n<h4>Vattenomr\u00e5den<\/h4>\n<p>B\u00e5t- och badbryggor f\u00e5r inte anl\u00e4ggas inom GTFF:s allm\u00e4nningar utan skriftligt tillst\u00e5nd fr\u00e5n styrelsen. Anl\u00e4ggande av bryggor kr\u00e4ver bygglov. Bryggor skall underh\u00e5llas alternativt skall platsen \u00e5terst\u00e4llas i det skick platsen var f\u00f6re byggnationen. Utl\u00e4ggning av svajbojar p\u00e5 f\u00f6reningens vatten f\u00e5r endast ske efter skriftligt tillst\u00e5nd fr\u00e5n styrelsen. G\u00e4ller inte bojar f\u00f6r f\u00f6rt\u00f6jning vid bryggor.<br \/>\nMedlemmar och g\u00e4ster \u00e4r skyldiga att visa gott sj\u00f6manskap vid f\u00f6rt\u00f6jning, framfart och vistelse inom f\u00f6reningens vattenomr\u00e5de.<\/p>\n<h4>Viltv\u00e5rd<\/h4>\n<p>Inom f\u00f6reningens omr\u00e5de str\u00f6var vilt; fr\u00e4mst r\u00e5djur och \u00e4lg. Viltv\u00e5rden regleras inom f\u00f6reningen av utsedd jaktv\u00e5rdsledare. Jakt \u00e4r f\u00f6rbjuden utan jaktv\u00e5rdsledarens s\u00e4rskilda tillst\u00e5nd.<\/p>\n<h4>V\u00e4gar<\/h4>\n<p>Regler f\u00f6r f\u00f6reningens v\u00e4gar beslutas av Guldboda Samf\u00e4llighetsf\u00f6rening. Infarter fr\u00e5n gemensam v\u00e4g till tomt \u00e4r enskild tomt\u00e4gares ansvar. Enskild v\u00e4gdragning p\u00e5 f\u00f6reningsgemensam mark f\u00e5r endast ske efter skriftligt tillst\u00e5nd av GTFF:s styrelse. Kostnader f\u00f6r anl\u00e4ggning och underh\u00e5ll av s\u00e5dan v\u00e4gdragning bekostas av den enskilde tomt\u00e4garen. ATV (fyrhjulingar) f\u00e5r endast framf\u00f6ras p\u00e5 v\u00e5ra bilv\u00e4gar. Dispens fr\u00e5n detta kan endast l\u00e4mnas av L\u00e4nsstyrelsen, efter godk\u00e4nnande av mark\u00e4garen (l\u00e4s GTFF).<\/p>\n<h4><\/h4>\n<h4><\/h4>\n","protected":false},"excerpt":{"rendered":"<p>GTFF:s ordningsf\u00f6reskrifter &#8211; fastst\u00e4llda av st\u00e4mman den 8 mars 2017 Dessa regler \u00e4r framtagna, och beslutade vid f\u00f6reningsst\u00e4mma, f\u00f6r att skapa trivsel och samf\u00f6rst\u00e5nd mellan medlemmarna i GTFF. Prata med grannarna\/kvarterm\u00e4starna\/styrelsen innan du g\u00f6r n\u00e5got som du \u00e4r os\u00e4ker p\u00e5 om det \u00e4r till\u00e5tet eller inte. Om alla GTFFare visar h\u00e4nsyn mot varandra och anv\u00e4nder&#8230;  <a class=\"excerpt-read-more\" href=\"http:\/\/gtff.se\/index.php\/om-gtff\/ordningsforeskrifter\/\" title=\"Read Ordningsf\u00f6reskrifter\">L\u00e4s mera &raquo;<\/a><\/p>\n","protected":false},"author":2,"featured_media":0,"parent":17,"menu_order":0,"comment_status":"closed","ping_status":"closed","template":"","meta":[],"_links":{"self":[{"href":"http:\/\/gtff.se\/index.php\/wp-json\/wp\/v2\/pages\/192"}],"collection":[{"href":"http:\/\/gtff.se\/index.php\/wp-json\/wp\/v2\/pages"}],"about":[{"href":"http:\/\/gtff.se\/index.php\/wp-json\/wp\/v2\/types\/page"}],"author":[{"embeddable":true,"href":"http:\/\/gtff.se\/index.php\/wp-json\/wp\/v2\/users\/2"}],"replies":[{"embeddable":true,"href":"http:\/\/gtff.se\/index.php\/wp-json\/wp\/v2\/comments?post=192"}],"version-history":[{"count":24,"href":"http:\/\/gtff.se\/index.php\/wp-json\/wp\/v2\/pages\/192\/revisions"}],"predecessor-version":[{"id":3022,"href":"http:\/\/gtff.se\/index.php\/wp-json\/wp\/v2\/pages\/192\/revisions\/3022"}],"up":[{"embeddable":true,"href":"http:\/\/gtff.se\/index.php\/wp-json\/wp\/v2\/pages\/17"}],"wp:attachment":[{"href":"http:\/\/gtff.se\/index.php\/wp-json\/wp\/v2\/media?parent=192"}],"curies":[{"name":"wp","href":"https:\/\/api.w.org\/{rel}","templated":true}]}}