{"id":49,"date":"2017-01-03T10:56:22","date_gmt":"2017-01-03T09:56:22","guid":{"rendered":"http:\/\/gtff.duncastudio.se\/?page_id=49"},"modified":"2025-09-11T22:55:38","modified_gmt":"2025-09-11T20:55:38","slug":"arsmoten","status":"publish","type":"page","link":"http:\/\/gtff.se\/index.php\/om-gtff\/arsmoten\/","title":{"rendered":"St\u00e4mmoprotokoll"},"content":{"rendered":"\n<ul><li><a href=\"http:\/\/gtff.se\/wp-content\/uploads\/2025\/09\/GTFF-protokoll-arsstamma-2025.docx\">St\u00e4mmoprotokoll 2025<\/a> (utan underskrifter och bilagor &#8211; kommer justeras)<\/li><li><a href=\"http:\/\/gtff.se\/wp-content\/uploads\/2025\/03\/Stammoprotokoll-GTFF-2024.pdf\">St\u00e4mmoprotokoll 2024<\/a><br><a rel=\"noreferrer noopener\" href=\"http:\/\/gtff.se\/wp-content\/uploads\/2023\/08\/Protokoll-arsstamma-2023.pdf\" target=\"_blank\">St\u00e4mmoprotokoll 2023<\/a><\/li><li><a rel=\"noreferrer noopener\" href=\"http:\/\/gtff.se\/wp-content\/uploads\/2023\/05\/Gullboda-protokoll-justerat-3.pdf\" target=\"_blank\">St\u00e4mmoprotokoll 2022 <\/a><br><a href=\"http:\/\/gtff.se\/wp-content\/uploads\/2022\/02\/Underskrivet-protokoll-arsstamman-2021.pdf\">St\u00e4mmoprotokoll 2021<\/a><br><a href=\"http:\/\/gtff.se\/wp-content\/uploads\/2020\/03\/GTFFstammoprotokoll2020.pdf\">St\u00e4mmoprotokoll 2020<\/a><br><a href=\"http:\/\/gtff.se\/wp-content\/uploads\/2019\/05\/GTFF-\u00c5rsst\u00e4mma-2019-03-06-Protokoll-signerat.pdf\">St\u00e4mmoprotokoll 2019<\/a><br><a href=\"http:\/\/gtff.se\/wp-content\/uploads\/2018\/09\/GTFFstammoprot2018.pdf\">St\u00e4mmoprotokoll 2018<br><\/a><a href=\"http:\/\/gtff.se\/wp-content\/uploads\/2017\/01\/GTFF_st\u00e4mmoprotokoll2017.pdf\">St\u00e4mmoprotokoll 2017<br><\/a><a href=\"http:\/\/gtff.se\/wp-content\/uploads\/2017\/01\/GTFFstammoprot2016_sign.pdf\">St\u00e4mmoprotokoll 2016<\/a><br><a href=\"http:\/\/gtff.se\/wp-content\/uploads\/2017\/01\/GTFFstammoprot2015_sign.pdf\">St\u00e4mmoprotokoll 2015<\/a><br><a href=\"http:\/\/gtff.se\/wp-content\/uploads\/2017\/01\/GTFFstammoprot2014_sign.pdf\">St\u00e4mmoprotokoll 2014<\/a><br><a href=\"http:\/\/gtff.se\/wp-content\/uploads\/2017\/01\/GTFFstammoprot2013_sign.pdf\">St\u00e4mmoprotokoll 2013<\/a><br><a href=\"http:\/\/gtff.se\/wp-content\/uploads\/2017\/01\/GTFFstammoprot2012.pdf\">St\u00e4mmoprotokoll 2012<\/a><br><a href=\"http:\/\/gtff.se\/wp-content\/uploads\/2017\/01\/GTFFstammoprot2011.pdf\">St\u00e4mmoprotokoll 2011<\/a><br><a href=\"http:\/\/gtff.se\/wp-content\/uploads\/2017\/01\/GTFFstammoprot2010.pdf\">St\u00e4mmoprotokoll 2010<\/a><br><a href=\"http:\/\/gtff.se\/wp-content\/uploads\/2017\/01\/GTFFstammoprot2009.pdf\">St\u00e4mmoprotokoll 2009<\/a><br><a href=\"http:\/\/gtff.se\/wp-content\/uploads\/2017\/01\/GTFFstammoprot2008-1.pdf\">St\u00e4mmoprotokoll 2008<\/a><br><a href=\"http:\/\/gtff.se\/wp-content\/uploads\/2017\/01\/GTFFstammoprot2007.pdf\">St\u00e4mmoprotokoll 2007<\/a><\/li><\/ul>\n\n\n\n<p><\/p>\n","protected":false},"excerpt":{"rendered":"<p>St\u00e4mmoprotokoll 2025 (utan underskrifter och bilagor &#8211; kommer justeras) St\u00e4mmoprotokoll 2024St\u00e4mmoprotokoll 2023 St\u00e4mmoprotokoll 2022 St\u00e4mmoprotokoll 2021St\u00e4mmoprotokoll 2020St\u00e4mmoprotokoll 2019St\u00e4mmoprotokoll 2018St\u00e4mmoprotokoll 2017St\u00e4mmoprotokoll 2016St\u00e4mmoprotokoll 2015St\u00e4mmoprotokoll 2014St\u00e4mmoprotokoll 2013St\u00e4mmoprotokoll 2012St\u00e4mmoprotokoll 2011St\u00e4mmoprotokoll 2010St\u00e4mmoprotokoll 2009St\u00e4mmoprotokoll 2008St\u00e4mmoprotokoll 2007<\/p>\n","protected":false},"author":1,"featured_media":0,"parent":17,"menu_order":0,"comment_status":"closed","ping_status":"closed","template":"","meta":[],"_links":{"self":[{"href":"http:\/\/gtff.se\/index.php\/wp-json\/wp\/v2\/pages\/49"}],"collection":[{"href":"http:\/\/gtff.se\/index.php\/wp-json\/wp\/v2\/pages"}],"about":[{"href":"http:\/\/gtff.se\/index.php\/wp-json\/wp\/v2\/types\/page"}],"author":[{"embeddable":true,"href":"http:\/\/gtff.se\/index.php\/wp-json\/wp\/v2\/users\/1"}],"replies":[{"embeddable":true,"href":"http:\/\/gtff.se\/index.php\/wp-json\/wp\/v2\/comments?post=49"}],"version-history":[{"count":50,"href":"http:\/\/gtff.se\/index.php\/wp-json\/wp\/v2\/pages\/49\/revisions"}],"predecessor-version":[{"id":3064,"href":"http:\/\/gtff.se\/index.php\/wp-json\/wp\/v2\/pages\/49\/revisions\/3064"}],"up":[{"embeddable":true,"href":"http:\/\/gtff.se\/index.php\/wp-json\/wp\/v2\/pages\/17"}],"wp:attachment":[{"href":"http:\/\/gtff.se\/index.php\/wp-json\/wp\/v2\/media?parent=49"}],"curies":[{"name":"wp","href":"https:\/\/api.w.org\/{rel}","templated":true}]}}