{"id":1403,"date":"2018-01-26T13:27:06","date_gmt":"2018-01-26T12:27:06","guid":{"rendered":"http:\/\/gtff.se\/?page_id=1403"},"modified":"2025-03-26T19:56:27","modified_gmt":"2025-03-26T18:56:27","slug":"resultat-balansrakning","status":"publish","type":"page","link":"https:\/\/gtff.se\/index.php\/om-gtff\/resultat-balansrakning\/","title":{"rendered":"Resultat &#038; Balansr\u00e4kning"},"content":{"rendered":"<p><a href=\"http:\/\/gtff.se\/wp-content\/uploads\/2025\/03\/Resultat-Balansrakning-2024.pdf\">Resultat &amp; Balansr\u00e4kning 2024<\/a><br \/>\n<a href=\"http:\/\/gtff.se\/wp-content\/uploads\/2024\/10\/Arsstamma-GTFF-2024-bilaga-3.pdf\">Resultat &amp; Balansr\u00e4kning 2023<\/a><br \/>\n<a href=\"http:\/\/gtff.se\/wp-content\/uploads\/2024\/10\/Bilaga-3-Resultat-och-balansrakning-2022_23.pdf\">Resultat &amp; Balansr\u00e4kning 2022<\/a><br \/>\n<a href=\"http:\/\/gtff.se\/wp-content\/uploads\/2024\/10\/GTFF-resultat-och-balansra\u0308kning-2021.pdf\">Resultat &amp; Balansr\u00e4kning 2021<\/a><br \/>\n<a href=\"http:\/\/gtff.se\/wp-content\/uploads\/2024\/10\/Bilaga-3-Resultat-och-balansrakning-2020.pdf\">Resultat &amp; Balansr\u00e4kning 2020<\/a><br \/>\n<a href=\"http:\/\/gtff.se\/wp-content\/uploads\/2020\/03\/Verksamhet_RB_2019.pdf\">Resultat &amp; Balansr\u00e4kning 2019<\/a><br \/>\n<a href=\"http:\/\/gtff.se\/wp-content\/uploads\/2019\/02\/Verksamhet_RB_2018.pdf\">Resultat &amp; Balansr\u00e4kning 2018<\/a><br \/>\n<a href=\"http:\/\/gtff.se\/wp-content\/uploads\/2018\/09\/resultatbalansrakning_2017.pdf\">Resultat &amp; Balansr\u00e4kning 2017<\/a><br \/>\n<a href=\"http:\/\/gtff.se\/wp-content\/uploads\/2017\/02\/resultatbalansr\u00e4kning2016-1.pdf\">Resultat &amp; Balansr\u00e4kning 2016<\/a><\/p>\n","protected":false},"excerpt":{"rendered":"<p>Resultat &amp; Balansr\u00e4kning 2024 Resultat &amp; Balansr\u00e4kning 2023 Resultat &amp; Balansr\u00e4kning 2022 Resultat &amp; Balansr\u00e4kning 2021 Resultat &amp; Balansr\u00e4kning 2020 Resultat &amp; Balansr\u00e4kning 2019 Resultat &amp; Balansr\u00e4kning 2018 Resultat &amp; Balansr\u00e4kning 2017 Resultat &amp; Balansr\u00e4kning 2016<\/p>\n","protected":false},"author":3,"featured_media":0,"parent":17,"menu_order":0,"comment_status":"closed","ping_status":"closed","template":"","meta":[],"_links":{"self":[{"href":"https:\/\/gtff.se\/index.php\/wp-json\/wp\/v2\/pages\/1403"}],"collection":[{"href":"https:\/\/gtff.se\/index.php\/wp-json\/wp\/v2\/pages"}],"about":[{"href":"https:\/\/gtff.se\/index.php\/wp-json\/wp\/v2\/types\/page"}],"author":[{"embeddable":true,"href":"https:\/\/gtff.se\/index.php\/wp-json\/wp\/v2\/users\/3"}],"replies":[{"embeddable":true,"href":"https:\/\/gtff.se\/index.php\/wp-json\/wp\/v2\/comments?post=1403"}],"version-history":[{"count":22,"href":"https:\/\/gtff.se\/index.php\/wp-json\/wp\/v2\/pages\/1403\/revisions"}],"predecessor-version":[{"id":2953,"href":"https:\/\/gtff.se\/index.php\/wp-json\/wp\/v2\/pages\/1403\/revisions\/2953"}],"up":[{"embeddable":true,"href":"https:\/\/gtff.se\/index.php\/wp-json\/wp\/v2\/pages\/17"}],"wp:attachment":[{"href":"https:\/\/gtff.se\/index.php\/wp-json\/wp\/v2\/media?parent=1403"}],"curies":[{"name":"wp","href":"https:\/\/api.w.org\/{rel}","templated":true}]}}