{"id":1573,"date":"2018-12-29T18:29:04","date_gmt":"2018-12-29T17:29:04","guid":{"rendered":"http:\/\/gtff.se\/?page_id=1573"},"modified":"2020-05-27T21:28:58","modified_gmt":"2020-05-27T19:28:58","slug":"bygget","status":"publish","type":"page","link":"https:\/\/gtff.se\/index.php\/vasterudd-bastu\/bygget\/","title":{"rendered":"Bygget"},"content":{"rendered":"<p>Efter att vi i bryggf\u00f6reningen renoverat den fasta V\u00e4steruddsbryggan sommaren 2002 pratade vi\u00a0l\u00f6st om \u201dvad blir n\u00e4sta projekt\u201d. En bastu var p\u00e5 tapeten men jag (H\u00e5kan Gullberg) var den som tog tag i saken och efter en simtur runt V\u00e4sterudd hittade jag platsen d\u00e4r bastun ligger idag.<\/p>\n<p>Tyv\u00e4rr finns det bara en enda bild av hur det s\u00e5g ut d\u00e4r d\u00e5. Det l\u00e5g flera stora stenar d\u00e4r och det s\u00e5g om\u00f6jligt ut att f\u00e5 till en bastu p\u00e5 platsen. Vi t\u00e4nkte f\u00f6rst l\u00e4gga den ca 10 meter upp\u00e5t i terr\u00e4ngen men jag b\u00f6rjade putta p\u00e5 stenarna i strandkanten och rulla bort dem. Sedan vart det h\u00f6st.<\/p>\n<img loading=\"lazy\" class=\"alignnone size-medium wp-image-1730\" src=\"http:\/\/gtff.se\/wp-content\/uploads\/2019\/06\/bastusten-300x202.jpg\" alt=\"\" width=\"300\" height=\"202\" srcset=\"https:\/\/gtff.se\/wp-content\/uploads\/2019\/06\/bastusten-300x202.jpg 300w, https:\/\/gtff.se\/wp-content\/uploads\/2019\/06\/bastusten-768x517.jpg 768w, https:\/\/gtff.se\/wp-content\/uploads\/2019\/06\/bastusten-1024x689.jpg 1024w\" sizes=\"(max-width: 300px) 100vw, 300px\" \/>\n<p>2003 fortsatte grundarbeten och golvbj\u00e4lklaget tog form men utan bygglov. Efter en del diskussion med GTFF s\u00e5 besl\u00f6t vi ans\u00f6ka om ett. Bygglovsans\u00f6kan l\u00e4mnades in h\u00f6sten 2003 och beviljades. Bygglovsritningarna gjordes av Henrik Frondell och hj\u00e4lpte till s\u00e5 att vi fick bygglovet. Efter det satte bygget fart p\u00e5 allvar och p\u00e5gick till 2005 d\u00e5 bastun premi\u00e4r invigdes officiellt den 6 augusti 2005.<\/p>\n<p>N\u00e4r bastun stod f\u00e4rdigbyggd l\u00e5g utgifterna p\u00e5 lite \u00f6ver 100 000 kr. Men mycket av materialet har blivit sk\u00e4nkt av medlemmar och en stor del kunde jag och Bengt r\u00e4dda ifr\u00e5n diverse rivningsjobb vi gjorde vid den tiden. Reglar ifr\u00e5n Luma fabriken i Hammarby sj\u00f6stad och mycket ifr\u00e5n ett kontor i \u00c5rsta partihallar t.ex. Kostnaden hade annars enbart f\u00f6r materialet f\u00f6rmodligen varit det dubbla.<br \/>\nFasaden \u00e4r lockpanel av vankantade br\u00e4dor i gran f\u00e4llda och s\u00e5gade h\u00e4r p\u00e5 Musk\u00f6 av br\u00f6derna Eriksson p\u00e5 norra strax innan de gick i pension.<\/p>\n<p>Saxat ur nyhetsbrev nr 4 maj 2004.<\/p>\n<p>\u201dSen kanske det allra b\u00e4sta levererades f\u00f6r 2 veckor sedan. Br\u00f6derna Eriksson hemmah\u00f6rande p\u00e5 \u00f6n och de som f\u00e4llt en del p\u00e5 omr\u00e5det i vinter, kom med de vankantade granbr\u00e4dorna till fasaden. Den bredaste \u00e4r ca 35 cm! N\u00e4r jag var uppe och betalade dem s\u00e5 sa G\u00f6sta att nu var det slut jobbat f\u00f6r deras del. Dom \u00e4r 75 \u00e5r och nu \u00e4r det slut med alla extrajobb. S\u00e5 det \u00e4r n\u00e4stan kulturhistoria som kommer vara v\u00e5r fasad, och virket \u00e4r hugget och s\u00e5gat p\u00e5 Musk\u00f6. \u201d<\/p>\n<p>Sedan \u00e4r bastun struken med j\u00e4rnvitriol f\u00f6r att se gammal ut direkt. Inv\u00e4ndigt \u00e4r v\u00e4ggarna och taket under panelen kl\u00e4tt med en reflekterande och isolerande aluminiumfolie som heter <a href=\"https:\/\/www.wiedland.se\/thermoreflekt\/thermoreflekt-big-8mm\">Thermoreflekt<\/a>. Golvet under lavarna \u00e4r byggt snett upp mot den bakre v\u00e4ggen f\u00f6r att luften ska cirkulera l\u00e4ttare och f\u00e5 bort on\u00f6dig volym, allt f\u00f6r att uppv\u00e4rmingen ska vara s\u00e5 snabb som m\u00f6jligt.<\/p>\n<p>Inomhus \u00e4r taket\u00a0brutet i sidorna f\u00f6r att f\u00f6rs\u00f6ka efterlikna en kajuta. D\u00e4rav propellern och ratten. Lavarna \u00e4r extra breda s\u00e5 man slipper f\u00e5 n\u00e5gons stort\u00e5 i \u00e4ndan. Propellern \u00e4r sk\u00e4nkt av Christer Brunzell och kommer ifr\u00e5n Musk\u00f6basen. Tv\u00e5 rosettventiler i m\u00e4ssing p\u00e5 den bakre v\u00e4ggen f\u00f6rst\u00e4rker ytterligare det marina temat.<\/p>\n<p>Volymen \u00e4r ganska exakt 20 m3 inv\u00e4ndigt, omkl\u00e4dningsrummet or\u00e4knat.<\/p>\n<p>Plastmattan i golvet \u00e4r lagd av ett proffs i bekantskapskretsen och har inbyggt halkskydd. Golvet lutar r\u00e4tt kraftigt in\u00e5t mot golvbrunnen s\u00e5 det inte ska finnas n\u00e5got st\u00e5ende vatten alls. Bastukaminen st\u00e5r p\u00e5 en aluminium platta som isolerar mot golvet och de korrugerade pl\u00e5tarna p\u00e5 sidan oxo i aluminium skyddar v\u00e4ggarna mot v\u00e4rmen.<\/p>\n<p>Yttertaket \u00e4r exakt lika l\u00e5ngt som den limtr\u00e4balk vi fick till sk\u00e4nks av en kompis till mig. Balken \u00e4r 6,37 meter l\u00e5ng och det m\u00e5ttet r\u00e5kade vara en j\u00e4mn multipel av bredden p\u00e5 de takpannor vi k\u00f6pte in senare. Ytan p\u00e5 bastun \u00e4r 4 x 4 meter s\u00e5 taket sticker ut exakt 118 cm p\u00e5 varje gavel. Perfekt f\u00f6r ett vedf\u00f6rr\u00e5d p\u00e5 baksidan.<\/p>\n<p>Bj\u00e4lklaget \u00e4r i tryckt virke och undersidan \u00e4r kl\u00e4dd med vattenbest\u00e4ndig marinplywood\/formplya och isoleringen i golvet \u00e4r frigolit.<\/p>\n<p>2006, Anslutningen till sommarvattnet.<\/p>\n<p>2007, Den f\u00f6rsta bastukaminen blev utbytt till en gjord i rostfritt och levererad av \u00d6smo Smide. Det sitter ett tryckk\u00e4rl p\u00e5 den h\u00f6gra sidan och tanken var att det skulle generera \u00e5nga tillr\u00e4ckligt f\u00f6r att driva en \u00e5ngvissla p\u00e5 utsidan. Men tyv\u00e4rr blev v\u00e4rme\u00f6verf\u00f6ringen f\u00f6r d\u00e5lig s\u00e5 det gick inte. D\u00e5 skulle man kunna st\u00e5tt vid ratten och styra och dra i ett sn\u00f6re och h\u00e4lsa p\u00e5 passerande fartyg. \u00c5ngvisslan har jag men den kr\u00e4ver ca 2 kg tryck f\u00f6r att drivas. Kostnaden f\u00f6r det extra \u00e4ventyret med den misslyckade \u00e5ngvisslan \u00e4r 6000 kronor\u00a0men det har inte drabbat bastuf\u00f6reningen alls. Den har jag och Dan Ekberg delat p\u00e5.<\/p>\n<p>2008, Strandskoningen med spr\u00e4ngsten kom till p\u00e5 v\u00e5ren.<\/p>\n<p>2009, Det stora ankaret sn\u00f6t vi framf\u00f6r n\u00e4san p\u00e5 n\u00e5gon admiral p\u00e5 Musk\u00f6basen som skulle ha det i sin tr\u00e4dg\u00e5rd.<\/p>\n<p>2014, Skorstenen blev utbytt p\u00e5 sommaren och sotaren i Haninge godk\u00e4nde bastun efter sm\u00e4rre justeringar som Voitto och Pelle fixade. Det var n\u00e5gra taksteg som fattades och f\u00f6r lite luftspalt mellan skorstenen och panel i taket.<\/p>\n<p>2015, Bastulavarna blev inoljade f\u00f6r f\u00f6rsta g\u00e5ngen tack vare \u00c5ke.<\/p>\n<p>2020, Ny bastukamin en <a href=\"https:\/\/www.bastuspecialisten.se\/bastu\/vedeldad-bastu\/stoveman-vedeldade-bastuugnar\/bastuugn-stoveman-ge20\">Stoveman 20<\/a> ifr\u00e5n <a href=\"https:\/\/www.bastuspecialisten.se\/\">Bastuspecailisten<\/a><\/p>\n<p>Vi som byggde var H\u00e5kan Gullberg, Bengt Lid\u00e9n och Jukka Wallenius med ben\u00e4get bist\u00e5nd av Pelle \u00d6stenius. Stort tack oxo till Dan Ekberg som h\u00f6ll koll p\u00e5 alla kvitton och inbetalningar. Plus ett stort st\u00f6d och dagsverken av ett flertal grannar p\u00e5 omr\u00e5det. Ingen n\u00e4mnd ingen gl\u00f6md!<\/p>\n<p>&nbsp;<\/p>\n","protected":false},"excerpt":{"rendered":"<p>Efter att vi i bryggf\u00f6reningen renoverat den fasta V\u00e4steruddsbryggan sommaren 2002 pratade vi\u00a0l\u00f6st om \u201dvad blir n\u00e4sta projekt\u201d. En bastu var p\u00e5 tapeten men jag (H\u00e5kan Gullberg) var den som tog tag i saken och efter en simtur runt V\u00e4sterudd hittade jag platsen d\u00e4r bastun ligger idag. Tyv\u00e4rr finns det bara en enda bild av&#8230;  <a class=\"excerpt-read-more\" href=\"https:\/\/gtff.se\/index.php\/vasterudd-bastu\/bygget\/\" title=\"Read Bygget\">L\u00e4s mera &raquo;<\/a><\/p>\n","protected":false},"author":3,"featured_media":0,"parent":1569,"menu_order":0,"comment_status":"closed","ping_status":"closed","template":"","meta":[],"_links":{"self":[{"href":"https:\/\/gtff.se\/index.php\/wp-json\/wp\/v2\/pages\/1573"}],"collection":[{"href":"https:\/\/gtff.se\/index.php\/wp-json\/wp\/v2\/pages"}],"about":[{"href":"https:\/\/gtff.se\/index.php\/wp-json\/wp\/v2\/types\/page"}],"author":[{"embeddable":true,"href":"https:\/\/gtff.se\/index.php\/wp-json\/wp\/v2\/users\/3"}],"replies":[{"embeddable":true,"href":"https:\/\/gtff.se\/index.php\/wp-json\/wp\/v2\/comments?post=1573"}],"version-history":[{"count":14,"href":"https:\/\/gtff.se\/index.php\/wp-json\/wp\/v2\/pages\/1573\/revisions"}],"predecessor-version":[{"id":2410,"href":"https:\/\/gtff.se\/index.php\/wp-json\/wp\/v2\/pages\/1573\/revisions\/2410"}],"up":[{"embeddable":true,"href":"https:\/\/gtff.se\/index.php\/wp-json\/wp\/v2\/pages\/1569"}],"wp:attachment":[{"href":"https:\/\/gtff.se\/index.php\/wp-json\/wp\/v2\/media?parent=1573"}],"curies":[{"name":"wp","href":"https:\/\/api.w.org\/{rel}","templated":true}]}}