{"id":17,"date":"2017-01-03T10:52:29","date_gmt":"2017-01-03T09:52:29","guid":{"rendered":"http:\/\/gtff.duncastudio.se\/?page_id=17"},"modified":"2024-10-11T08:13:38","modified_gmt":"2024-10-11T06:13:38","slug":"om-gtff","status":"publish","type":"page","link":"https:\/\/gtff.se\/index.php\/om-gtff\/","title":{"rendered":"GTFF"},"content":{"rendered":"<p>Gullboda Tomt\u00e4gare- och Fiskev\u00e5rdsf\u00f6rening (GTFF) \u00e4r en ideell f\u00f6rening med ca 185 medlemmar och lagfaren \u00e4gare till all mark (Guldboda 2:1) som omg\u00e4rdar de enskilda fastigheterna. Medlemskapet \u00e4r frivilligt. Syftet \u00e4r bland annat att f\u00f6rvalta skog och mark, att distribuera vatten fr\u00e5n Uddsj\u00f6n till tomtgr\u00e4nsen och att st\u00f6dja sociala aktiviteter som midsommar- och valborgsm\u00e4ssofirandet. Att anordna fisket\u00e4vling har en l\u00e5ng tradition inom f\u00f6reningen och anordnas \u00e5rligen om intresset \u00e4r tillr\u00e4ckligt stort. Den som \u00e4r medlem har r\u00e4tt till fiske p\u00e5 f\u00f6reningens vatten. <a href=\"http:\/\/gtff.se\/wp-content\/uploads\/2017\/08\/GTFF_Fiskekarta.jpg\">Se fiskekartan<\/a>.<\/p>\n<p>Guldboda \u00e4r indelat i st\u00e4domr\u00e5den med kvarterm\u00e4stare som leder h\u00f6stst\u00e4dning. Syftet \u00e4r b\u00e5de att g\u00f6ra nytta och fr\u00e4mja sammanh\u00e5llningen i f\u00f6reningen.<\/p>\n<p>S\u00e4kerhetsarbetet f\u00f6r att hindra inbrott och skadeg\u00f6relse har h\u00f6g prioritet och en person \u00e4r utsedd f\u00f6r att s\u00e4rskilt bevaka dessa fr\u00e5gor.<\/p>\n<p>GTFF:s viktigaste informationskanal \u00e4r hemsidan. M\u00e5nga \u00e4r \u00e4ven anslutna till f\u00f6reningens egen Facebookgrupp som anv\u00e4nds f\u00f6r tips och upplysningar av olika slag. Det \u00e4r en sluten grupp som enbart medlemmar har tillg\u00e5ng till och kan l\u00e4sa.<\/p>\n<p>H\u00e4r kan du hitta en sammanst\u00e4llning av svaren p\u00e5 den\u00a0<a href=\"http:\/\/gtff.se\/wp-content\/uploads\/2017\/08\/GTFFenkat2014.pdf\">enk\u00e4t<\/a>\u00a0som gjordes i februari 2014.<\/p>\n<p>GTFF har n\u00e4ra samarbete med Guldboda samf\u00e4llighetsf\u00f6rening (GSF) som sk\u00f6ter v\u00e4gar, v\u00e4gdiken och parkeringsplatser. Se GSF:s hemsida <a href=\"http:\/\/www.guldboda.se\/\">h\u00e4r<\/a>.<\/p>\n<p>GTFF:s \u00e5rsst\u00e4mma som h\u00e5lls i juni\/juli varje \u00e5r, har till skillnad fr\u00e5n GSF som styrs av \u00e4ndam\u00e5let, obegr\u00e4nsade m\u00f6jligheter att \u00e4ndra uppdrag och uppgifter.<\/p>\n<p>GTFF har en l\u00e5ng historia. Guldboda 2:1 uppstod redan 1938 som en avknoppning av Arbottna skifteslag. Samma \u00e5r b\u00f6rjade tomter styckas och s\u00e4ljas men med avbrott f\u00f6r andra v\u00e4rldskriget. Efter krigsslutet fortsatte styckningen och 1946 bildades Gullboda Tomt\u00e4garef\u00f6rening. N\u00e5gra \u00e5r senare slogs den ihop med S\u00f6dra Musk\u00f6s Fiskev\u00e5rdsf\u00f6rening till GTFF.<\/p>\n","protected":false},"excerpt":{"rendered":"<p>Gullboda Tomt\u00e4gare- och Fiskev\u00e5rdsf\u00f6rening (GTFF) \u00e4r en ideell f\u00f6rening med ca 185 medlemmar och lagfaren \u00e4gare till all mark (Guldboda 2:1) som omg\u00e4rdar de enskilda fastigheterna. Medlemskapet \u00e4r frivilligt. Syftet \u00e4r bland annat att f\u00f6rvalta skog och mark, att distribuera vatten fr\u00e5n Uddsj\u00f6n till tomtgr\u00e4nsen och att st\u00f6dja sociala aktiviteter som midsommar- och valborgsm\u00e4ssofirandet. Att&#8230;  <a class=\"excerpt-read-more\" href=\"https:\/\/gtff.se\/index.php\/om-gtff\/\" title=\"Read GTFF\">L\u00e4s mera &raquo;<\/a><\/p>\n","protected":false},"author":1,"featured_media":0,"parent":0,"menu_order":0,"comment_status":"closed","ping_status":"closed","template":"","meta":[],"_links":{"self":[{"href":"https:\/\/gtff.se\/index.php\/wp-json\/wp\/v2\/pages\/17"}],"collection":[{"href":"https:\/\/gtff.se\/index.php\/wp-json\/wp\/v2\/pages"}],"about":[{"href":"https:\/\/gtff.se\/index.php\/wp-json\/wp\/v2\/types\/page"}],"author":[{"embeddable":true,"href":"https:\/\/gtff.se\/index.php\/wp-json\/wp\/v2\/users\/1"}],"replies":[{"embeddable":true,"href":"https:\/\/gtff.se\/index.php\/wp-json\/wp\/v2\/comments?post=17"}],"version-history":[{"count":16,"href":"https:\/\/gtff.se\/index.php\/wp-json\/wp\/v2\/pages\/17\/revisions"}],"predecessor-version":[{"id":2888,"href":"https:\/\/gtff.se\/index.php\/wp-json\/wp\/v2\/pages\/17\/revisions\/2888"}],"wp:attachment":[{"href":"https:\/\/gtff.se\/index.php\/wp-json\/wp\/v2\/media?parent=17"}],"curies":[{"name":"wp","href":"https:\/\/api.w.org\/{rel}","templated":true}]}}