{"id":79,"date":"2017-01-03T11:13:04","date_gmt":"2017-01-03T10:13:04","guid":{"rendered":"http:\/\/gtff.duncastudio.se\/?page_id=79"},"modified":"2025-09-11T23:13:14","modified_gmt":"2025-09-11T21:13:14","slug":"vatten","status":"publish","type":"page","link":"https:\/\/gtff.se\/index.php\/verksamhetsomraden\/vatten\/","title":{"rendered":"Vatten"},"content":{"rendered":"<p>Vattenverksamheten omfattar distribution av r\u00e5vatten fr\u00e5n Uddsj\u00f6n, markavvattning via v\u00e5ra diken samt regler f\u00f6r t\u00f6mning av pooler.<\/p>\n<p>Observera att GTFF inte distribuerar dricksvatten, \u00e4ven om det normalt \u00e4r tj\u00e4nligt enligt det vattenprov som \u00e5rligen tas vid Pumphuset. Det \u00e4r varje enskild fastighets\u00e4gares ansvar att sj\u00e4lv ta vattenprov vid sitt tappst\u00e4lle, om vattnet ska anv\u00e4ndas till annat \u00e4n dusch, tv\u00e4tt, disk och bevattning. Med ledningar delvis ovan mark kan vattnets status variera betydligt beroende p\u00e5 var i omr\u00e5det tappst\u00e4llet ligger.<\/p>\n<p>GTFF ansvarar f\u00f6r vattenledningarna fr\u00e5n Pumphuset t.o.m. tomtanslutningen. Tomt\u00e4garen ansvarar f\u00f6r att ledningarna efter tomtanslutningen inte l\u00e4cker genom att se till att egna slangar, kranar och kopplingar p\u00e5 tomten \u00e4r i god kondition och med r\u00e4tt tryckklass. Det \u00e4r inte till\u00e5tet att koppla ihop vattnet fr\u00e5n den egna brunnen med ledningar f\u00f6r sommarvattnet.<\/p>\n<p><strong>V\u00e5r &#8211; Ig\u00e5ngs\u00e4ttning<\/strong><\/p>\n<p>Om v\u00e4dret till\u00e5ter s\u00e4tts vattnet fr\u00e5n Uddsj\u00f6n p\u00e5 till Valborg.<\/p>\n<p>Det \u00e4r tomt\u00e4garens ansvar att se till att tomtanslutningen \u00e4r st\u00e4ngd innan vattnet s\u00e4tts p\u00e5! GTFF tar inte ansvar f\u00f6r eventuella vattenskador p\u00e5 fastigheten.<\/p>\n<p><strong>H\u00f6st &#8211; Avst\u00e4ngning<\/strong><\/p>\n<p>Vattnet st\u00e4ngs av efter eldningsveckorna i oktober eller s\u00e5 fort det f\u00f6religger risk f\u00f6r att vattnet i ledningarna kan frysa till is. Eldningsveckorna p\u00e5 h\u00f6sten \u00e4r 41 0ch 42 enligt SMOHF och g\u00e4ller f\u00f6r Haninge, Nyn\u00e4shamn och Tyres\u00f6<\/p>\n<p><a href=\"http:\/\/www.smohf.se\/faq\/nar-far-man-elda-eldningsveckor\/\">Eldningsveckor<\/a><\/p>\n<p><strong>Bevattning<\/strong><\/p>\n<p>Bevattning av rabatter och gr\u00f6nytor ska g\u00f6ras restriktivt. F\u00f6r att kunna bed\u00f6ma vatten\u00e5tg\u00e5ngen f\u00e5r fyllning av pooler, badtunnor och andra st\u00f6rre avtappningar endast ske efter godk\u00e4nnande av vattum\u00e4nnen.<\/p>\n<p><a href=\"mailto:mikael.carleson@gmail.com\">Mikael Carleson <\/a>\u00a0\u00e4r ansvarig f\u00f6r vattenverksamheten i GTFF:s styrelse.<\/p>\n<p>Mikael Selin \u00e4r tillsammans med flera andra medlemmar operativt ansvariga f\u00f6r det praktiska arbetet.<\/p>\n<p><strong>Markavvattning:\u00a0<\/strong>Se sidan <a href=\"http:\/\/gtff.se\/index.php\/verksamhetsomraden\/mark-och-skogsvard\/markavvattning\/\">Markavvattning<\/a> under Verksamhetsomr\u00e5den =&gt; Mark &amp; Skogsv\u00e5rd.<\/p>\n<p><strong>Inspektioner av vattenanl\u00e4ggning<\/strong><\/p>\n<p>Med j\u00e4mna mellanrum g\u00f6r S\u00f6dert\u00f6rns milj\u00f6- och h\u00e4lsoskydd inspektioner av vattenanl\u00e4ggningen i sin helhet.<\/p>\n<p><a href=\"http:\/\/gtff.se\/wp-content\/uploads\/2025\/09\/DNR-2025-800-Inspektionsrapport.pdf\">Protokoll v\u00e5ren 2025<\/a> &#8211; inga anm\u00e4rkningar<\/p>\n<p><a href=\"http:\/\/gtff.se\/wp-content\/uploads\/2022\/01\/DNR-2021-3274-Inspektionsrapport-002.pdf\">Protokoll h\u00f6sten 2021<\/a> &#8211; inga anm\u00e4rkningar<\/p>\n<p><strong>\u00c5rlig vattenprovtagning:<\/strong><\/p>\n<p>F\u00f6r hj\u00e4lp att f\u00f6rst\u00e5 vattenprotokollen rekommenderar vi att g\u00e5 in p\u00e5 laboratoriets hemsida:<\/p>\n<p>https:\/\/www.vattenprovtagning.se\/guide-till-dina-analysresultat<\/p>\n<p><a href=\"http:\/\/gtff.se\/wp-content\/uploads\/2025\/09\/Provrapport-25255476-klar-Markning-Uddsjon-1.pdf\">2025 Provrapport Del 1<\/a><\/p>\n<p><a href=\"http:\/\/gtff.se\/wp-content\/uploads\/2025\/09\/Provrapport-25255476-klar-Markning-Uddsjon-2.pdf\">2025 Provrapport Del 2<\/a><\/p>\n<p><a href=\"http:\/\/gtff.se\/wp-content\/uploads\/2024\/07\/Provrapport-24277794-klar-Markning-.pdf\">2024 Provrapport Del 1<\/a><\/p>\n<p><a href=\"http:\/\/gtff.se\/wp-content\/uploads\/2024\/09\/Provrapport-24277795-klar-Markning-.pdf\">2024 Provrapport Del 2<\/a><\/p>\n<p><a href=\"http:\/\/gtff.se\/wp-content\/uploads\/2023\/08\/Provrapport-23278425-klar-Markning-1.pdf\">2023 Provrapport Del 1<\/a><\/p>\n<p>2022 <a href=\"http:\/\/gtff.se\/wp-content\/uploads\/2023\/06\/Provrapport-Uddsjon-2022.pdf\">Provrapport Del 1<\/a><\/p>\n<p>2022 <a href=\"http:\/\/gtff.se\/wp-content\/uploads\/2023\/06\/Provrapport-Uddsjon-2022-2.pdf\">Provrapport Del 2<\/a><\/p>\n<p>2021 <a href=\"http:\/\/gtff.se\/wp-content\/uploads\/2022\/01\/Provrapport-21335240-sid-1-2021_20220116_0001.pdf\">Provrapport 21335240<\/a> Del 1<\/p>\n<p>2021 <a href=\"http:\/\/gtff.se\/wp-content\/uploads\/2022\/01\/Provrappport-21335240-sid-2-2021_20220116_0001.pdf\">Provrapport 21335240<\/a> Del 2<\/p>\n<p>2020 <a href=\"http:\/\/gtff.se\/wp-content\/uploads\/2020\/07\/Provrapport-20262815-klar-Ma\u0308rkning-Uddsjo\u0308n.pdf\">Provrapport\u00a020262815<\/a> Del 1<\/p>\n<p>2020 <a href=\"http:\/\/gtff.se\/wp-content\/uploads\/2020\/07\/Provrapport-20262816-klar-Ma\u0308rkning-Uddsjo\u0308n.pdf\">Provrapport\u00a020262816<\/a> Del 2<\/p>\n<p>2017 <a href=\"http:\/\/gtff.se\/wp-content\/uploads\/2017\/01\/Provrapport-17157006-klar-M\u00e4rkning_-17157006.pdf\">Provrapport 171570006 <\/a>Del 1<\/p>\n<p>2017 <a href=\"http:\/\/gtff.se\/wp-content\/uploads\/2017\/01\/Provrapport-17157005-klar-M\u00e4rkning_-17157005.pdf\">Provrapport 171570005<\/a> Del 2<\/p>\n<p>2016\u00a0<a href=\"http:\/\/gtff.se\/wp-content\/uploads\/2017\/01\/Provrapport-16204307-klar-M\u00e4rkning_-2.pdf\">Provrapport 16204307<\/a>\u00a0Del 1<\/p>\n<p>2016\u00a0<a href=\"http:\/\/gtff.se\/wp-content\/uploads\/2017\/01\/Provrapport-16204306-klar-M\u00e4rkning_-.pdf\">Provrapport 16204306<\/a>\u00a0Del 2<\/p>\n<p>2014\u00a0<a href=\"http:\/\/gtff.se\/wp-content\/uploads\/2017\/01\/Provrapport-14191690-klar-M\u00e4rkning_-Guldboda-2_238.pdf\">Provrapport 14191690<\/a><\/p>\n","protected":false},"excerpt":{"rendered":"<p>Vattenverksamheten omfattar distribution av r\u00e5vatten fr\u00e5n Uddsj\u00f6n, markavvattning via v\u00e5ra diken samt regler f\u00f6r t\u00f6mning av pooler. Observera att GTFF inte distribuerar dricksvatten, \u00e4ven om det normalt \u00e4r tj\u00e4nligt enligt det vattenprov som \u00e5rligen tas vid Pumphuset. Det \u00e4r varje enskild fastighets\u00e4gares ansvar att sj\u00e4lv ta vattenprov vid sitt tappst\u00e4lle, om vattnet ska anv\u00e4ndas till&#8230;  <a class=\"excerpt-read-more\" href=\"https:\/\/gtff.se\/index.php\/verksamhetsomraden\/vatten\/\" title=\"Read Vatten\">L\u00e4s mera &raquo;<\/a><\/p>\n","protected":false},"author":1,"featured_media":0,"parent":77,"menu_order":0,"comment_status":"closed","ping_status":"closed","template":"","meta":[],"_links":{"self":[{"href":"https:\/\/gtff.se\/index.php\/wp-json\/wp\/v2\/pages\/79"}],"collection":[{"href":"https:\/\/gtff.se\/index.php\/wp-json\/wp\/v2\/pages"}],"about":[{"href":"https:\/\/gtff.se\/index.php\/wp-json\/wp\/v2\/types\/page"}],"author":[{"embeddable":true,"href":"https:\/\/gtff.se\/index.php\/wp-json\/wp\/v2\/users\/1"}],"replies":[{"embeddable":true,"href":"https:\/\/gtff.se\/index.php\/wp-json\/wp\/v2\/comments?post=79"}],"version-history":[{"count":74,"href":"https:\/\/gtff.se\/index.php\/wp-json\/wp\/v2\/pages\/79\/revisions"}],"predecessor-version":[{"id":3076,"href":"https:\/\/gtff.se\/index.php\/wp-json\/wp\/v2\/pages\/79\/revisions\/3076"}],"up":[{"embeddable":true,"href":"https:\/\/gtff.se\/index.php\/wp-json\/wp\/v2\/pages\/77"}],"wp:attachment":[{"href":"https:\/\/gtff.se\/index.php\/wp-json\/wp\/v2\/media?parent=79"}],"curies":[{"name":"wp","href":"https:\/\/api.w.org\/{rel}","templated":true}]}}